 2) to base 14
-2405c
-5800563 (base 9) to base 7
-35414352
Convert 1540685 (base 10) to base 8.
5701115
Convert -336b9b6 (base 12) to base 13.
-206b0bc
What is 11101101111001110111010 (base 2) in base 7?
123155551
What is 587a5 (base 14) in base 16?
349fd
What is 438f (base 16) in base 6?
212023
-285eea (base 15) to base 14
-38864b
What is b2800 (base 12) in base 5?
24421304
What is -1e15ae (base 16) in base 4?
-13201112232
What is 87152 (base 10) in base 11?
5a52a
Convert 11323765 (base 8) to base 9.
4571202
-221021220102 (base 3) to base 16
-798ad
Convert -516773 (base 11) to base 14.
-178089
Convert -525305 (base 8) to base 14.
-479ad
What is -1225052 (base 8) in base 13?
-bb0a6
-3733 (base 15) to base 10
-11748
9d0ac (base 14) to base 9
641364
What is 27a583 (base 12) in base 7?
5421603
Convert 17225277 (base 8) to base 5.
2011234024
What is 71492 (base 15) in base 8?
1274603
15b62b1 (base 12) to base 6
235441541
969a1 (base 11) to base 7
1124643
What is 22265610 (base 8) in base 9?
10043314
105c7a (base 15) to base 12
316a21
Convert 3331321 (base 6) to base 8.
507141
Convert -3e9541 (base 15) to base 14.
-588028
4451224 (base 6) to base 16
36d00
What is -1cc78 (base 16) in base 3?
-12222200221
What is 22100011012022 (base 3) in base 5?
2113303414
Convert 12223002232 (base 4) to base 15.
248411
123b42 (base 13) to base 8
1525267
-216301 (base 8) to base 4
-101303001
What is -6107b (base 12) in base 6?
-2412235
71a9 (base 12) to base 13
5826
Convert -120068 (base 9) to base 10.
-72233
-16402036 (base 9) to base 13
-191579a
What is 1100300032 (base 5) in base 3?
11102112220102
What is b35c1 (base 15) in base 6?
20103014
What is -247034 (base 8) in base 16?
-14e1c
Convert -8c8ca6 (base 15) to base 11.
-3875102
What is 32544201 (base 6) in base 7?
11212444
Convert 2a0855 (base 15) to base 13.
55c74b
What is 22e717 (base 15) in base 11?
a3a914
What is -5078084 (base 9) in base 2?
-1010010101011000110000
Convert -1404222311 (base 5) to base 8.
-15533644
-2b573 (base 15) to base 3
-21002111200
30252c (base 13) to base 14
211bda
-346ea0 (base 15) to base 10
-2504175
Convert -2b3201 (base 13) to base 10.
-1063687
Convert 646421 (base 11) to base 15.
1562ad
602162 (base 9) to base 7
3011402
Convert -212121112220 (base 3) to base 5.
-104333100
What is 4130664 (base 7) in base 12?
1ba516
-27310d (base 16) to base 3
-11211111021012
What is 670823 (base 9) in base 2?
1100001110111111010
-1c9022 (base 14) to base 10
-1023542
11573 (base 12) to base 10
23271
-2a605 (base 12) to base 2
-1110100011100101
Convert 133145521 (base 6) to base 14.
4d84d3
-1216325 (base 9) to base 14
-132b1a
765334 (base 10) to base 9
1385751
Convert 21330003 (base 5) to base 13.
6547a
Convert 10101112120111 (base 3) to base 4.
12313320301
Convert -12210210022000 (base 3) to base 15.
-40e5d3
Convert -177d1 (base 15) to base 8.
-224365
Convert 100002002102 (base 3) to base 6.
3455102
Convert 8691218 (base 10) to base 3.
121100120002222
Convert -120122212121112 (base 3) to base 6.
-454222235
Convert -11133023111 (base 4) to base 8.
-5371325
-5c79e0 (base 16) to base 4
-113013213200
What is 552660 (base 8) in base 3?
100102211121
Convert -3020010 (base 6) to base 9.
-236506
What is 7abaeb (base 16) in base 8?
36535353
Convert -11033857 (base 9) to base 6.
-310220124
What is 5611156 (base 8) in base 11?
943028
What is -439169 (base 10) in base 15?
-8a1ce
What is -2022110000 (base 3) in base 8?
-130722
Convert 14823724 (base 9) to base 10.
7397023
Convert 100201211021 (base 3) to base 15.
3bb84
What is -100000000001110011011010 (base 2) in base 7?
-131236055
What is 426499 (base 11) in base 15?
d715e
Convert -cc35 (base 14) to base 10.
-35327
207011 (base 8) to base 10
69129
What is 171373 (base 11) in base 8?
1006140
Convert -101011110111111000 (base 2) to base 13.
-63a45
-1b1d027 (base 14) to base 5
-11430112343
Convert -e634 (base 16) to base 11.
-40305
3505101 (base 8) to base 3
1210102010111
What is 1111120213 (base 4) in base 3?
122202202011
What is -10319 (base 16) in base 2?
-10000001100011001
What is 11e03 (base 15) in base 4?
31331001
What is -210220020022 (base 3) in base 9?
-726208
What is -1010101001011111011 (base 2) in base 16?
-552fb
14635066 (base 8) to base 6
155542434
-453a6 (base 14) to base 11
-105345
-a7906 (base 12) to base 4
-311321112
What is -162c28a (base 14) in base 9?
-22402341
Convert -2220241431 (base 5) to base 8.
-22406005
Convert -30144040 (base 5) to base 13.
-85627
Convert -143012311 (base 5) to base 15.
-ec78b
Convert 32c75 (base 16) to base 6.
4242525
What is 20643322 (base 7) in base 4?
12231120010
-13212360 (base 7) to base 9
-2248400
-20031301001 (base 4) to base 9
-4042078
Convert -44b93 (base 12) to base 10.
-91551
What is 1827771 (base 9) in base 6?
33530401
10325456 (base 7) to base 12
365812
What is 110220120112 (base 3) in base 6?
5240235
-2da7b (base 16) to base 12
-90277
Convert 27164 (base 11) to base 8.
113606
Convert 12410545 (base 9) to base 11.
3489884
What is -70692 (base 11) in base 13?
-38043
Convert -3646475 (base 11) to base 13.
-141359a
230b38 (base 12) to base 5
120432000
17725 (base 8) to base 3
102011211
-123440154 (base 6) to base 3
-11112201212121
d97a4a (base 15) to base 6
1005524341
-1a4400 (base 11) to base 2
-1001100011110110101
What is 21001022000101 (base 3) in base 16?
39274c
Convert 10010110011111001110101 (base 2) to base 11.
286896a
Convert 245524430 (base 6) to base 12.
1713716
Convert 5322781 (base 9) to base 13.
78a04b
Convert -4174625 (base 8) to base 4.
-10033212111
-33187 (base 16) to base 4
-303012013
-16585 (base 15) to base 14
-1c3db
What is -5978cf (base 16) in base 7?
-100561064
What is -30223323 (base 6) in base 5?
-204434343
What is -2d92 (base 14) in base 13?
-3940
Convert 2141 (base 15) to base 13.
3283
19a387 (base 12) to base 10
453271
47f9ab (base 16) to base 5
2201420341
Convert 2412431213 (base 5) to base 2.
10101010101011001101011
1100123334 (base 6) to base 11
67088a9
Convert -80038 (base 11) to base 4.
-130212301
596852 (base 10) to base 5
123044402
4b476 (base 13) to base 12
68668
-210131223 (base 4) to base 9
-246780
Convert 102102201110111 (base 3) to base 15.
8006d7
What is -2429816 (base 13) in base 12?
-390b428
Convert 17410441 (base 8) to base 6.
223103321
21565303 (base 8) to base 12
1681717
Convert -140332322 (base 5) to base 10.
-714712
What is 120322321212 (base 4) in base 11?
3762138
212103 (base 5) to base 7
26566
60747 (base 8) to base 11
17915
3230245 (base 6) to base 9
262722
Convert -134322044 (base 5) to base 12.
-2981bb
-5041 (base 10) to base 3
-20220201
What is -501310 (base 7) in base 5?
-10201112
What is -11b923 (base 12) in base 9?
-481600
Convert -43411f (base 16) to base 7.
-52315045
What is -1522022 (base 6) in base 3?
-11111111112
What is 3208688 (base 11) in base 8?
25427577
Convert -22101120102022 (base 3) to base 15.
-5d1568
What is a2959 (base 14) in base 7?
3220242
Convert 221230301 (base 5) to base 13.
278742
Convert -133d851 (base 14) to base 12.
-3143467
10214410 (base 6) to base 12
124406
Convert -10112201002120 (base 3) to base 13.
-50c5a1
Convert -17b569a (base 13) to base 8.
-35444735
What is -2012300 (base 8) in base 10?
-529600
Convert -10011021201122 (base 3) to base 8.
-6316540
Convert -11001101011011000 (base 2) to base 6.
-2130532
Convert -3133101 (base 5) to base 2.
-1100110000110100
178fb (base 16) to base 5
11042012
57eb45 (base 16) to base 13
12697b1
What is -548056 (base 12) in base 6?
-44424150
Convert 60557 (base 12) to base 8.
364423
213501 (base 7) to base 13
13c86
Convert -15431711 (base 9) to base 16.
-7573cf
What is -11101110000001011111 (base 2) in base 16?
-ee05f
Convert 671ac8 (base 13) to base 2.
1001010001101011111000
What is -312202000233 (base 4) in base 12?
-4954753
-3323133331 (base 4) to base 7
-11520220
What is -52020 (base 11) in base 2?
-10010100001110001
-1241001221 (base 5) to base 9
-5677184
What is 40430043 (base 5) in base 4?
1033303302
What is 8490a2 (base 15) in base 12?
214258b
Convert 4516327 (base 9) to base 12.
993644
What is -1032337 (base 11) in base 9?
-3371520
What is 153352034 (base 6) in base 10?
3249526
Convert 2ba6b (base 12) to base 11.
42647
9fbfa (base 16) to base 4
2133233322
Convert 201202